t is the value of (-3 - 2) + 7 - -14?
16
Calculate 1 + -1 - (-42 - (-12 - 25)).
5
What is 2 + 22 - (-42 + 41) - 10?
15
-37 - (-8 + 31) - -40
-20
What is (1 - ((54 - 39) + 11 + 1)) + 1?
-25
-4 + (0 + (-1 - -2) - -3) + -6
-6
What is (-43 - -25) + 34 + -5 + 1?
12
(18 - 23 - -22) + -18 - 12
-13
What is (22 + (-8 - -5) - 11) + (-21 - 1)?
-14
3 + (-10 - -14 - -19)
26
Evaluate (-8 + -4 - -22) + -4.
6
Calculate -30 + 57 + -69 + 16.
-26
Calculate 6 + -2 - (140 - 125).
-11
((-19 - -8) + 4 - -10) + (6 - 4)
5
What is the value of (-8 - (10 - 20)) + 22 - (6 + 5)?
13
Calculate -12 + 2 + 50 + -34.
6
What is -25 + 0 + -6 + 5 - (60 + -66)?
-20
Calculate 34 + (-23 - 16) - -19.
14
-3 + 0 - -3 - (17 + -2 + -9)
-6
What is the value of (-1 - -8 - -17 - 0) + -20?
4
Evaluate -17 - (15 + -36) - -20.
24
Evaluate (-34 - -48) + -22 - (-6 - 0).
-2
What is the value of 2 + -6 + (6 - 3 - -4) + -6?
-3
What is the value of (3 + 0 - 1 - 37) + (-130 - -139)?
-26
What is 13 + (9 + -23 - (-1 + 13))?
-13
Calculate 36 + (-59 - 19) - -19.
-23
Evaluate (-9 - -10 - 9) + -10 - -4.
-14
What is 7 - (0 - (9 - (-3 + 31)))?
-12
What is (7 - -1) + 260 + -256?
12
Evaluate 16 + -7 - (4 - 2) - (-5 + 0).
12
3 + 9 + -24 + 3
-9
What is -4 - ((5 + -4 - -1 - 1) + 10)?
-15
Evaluate 3 - (-21 + -14 + 20 + 3).
15
Calculate 13 - (-3 - (9 + -28)).
-3
What is the value of 2 + -7 + 4 + 5 + 12 + -12?
4
What is the value of 29 - 11 - (-2 + 9) - 3?
8
Evaluate -3 + -2 + (18 + -8 - -8).
13
What is the value of -7 + (11 - -5) + -11?
-2
(5 - 1) + (92 - 93) + (-2 - -2)
3
What is 6 + -6 + 7 + -2 - (-1 + -9)?
15
What is the value of 7 + (-10 - 8 - -2) - 7?
-16
(39 + -4 - 18) + -8
9
What is -5 + (11 - -5) + -37?
-26
Evaluate -6 - (-5 - (1 - 1 - -1)) - 8.
-8
23 + (34 - (-28 + 91))
-6
What is -10 + 11 + 19 - 24?
-4
8 + 14 - (-12 - -18)
16
What is -8 + (3 + 4 + -12 - (-4 - 5))?
-4
Evaluate 11 - (-52 + 76 - (-2 - 10)).
-25
What is the value of (3 - 7 - 1) + (-29 - -28)?
-6
(7 - (7 + 1)) + -4 + -7
-12
What is 7 + -13 + -11 - (-3 - 1)?
-13
Calculate (-1 + 4 - (0 - (9 + -16))) + -5.
-9
Evaluate -1 - -1 - (-94 + 87).
7
What is the value of 16 - (13 + (18 - 18))?
3
8 + -3 - (-1 + -7)
13
What is the value of 14 + -18 + 14 - 8?
2
Calculate 2 - -7 - (22 - 21).
8
Calculate 239 + -240 - (-1 + 4) - -3.
-1
Calculate (21 + -10 - 16) + -1 + 25.
19
What is 12 + -9 + 1 - (-2 + 0)?
6
-15 + (-4 - -23) - (-11 + -1)
16
-3 - ((-19 - -11) + 13)
-8
12 - (-29 + (1 - -10) - -5)
25
Evaluate 1 + (-3 - -35) + 31 + 15 + -52.
27
What is the value of 6 - ((5 - 1) + (80 - 76))?
-2
Calculate (8 + -2 + 2 - (27 - 10)) + 21.
12
What is the value of 2 + -3 + 17 + 1 - (-11 + 20)?
8
1 + -1 + (-58 + 74 - -11)
27
Evaluate 29 - (-19 + 44 - 1).
5
What is the value of 39 + 41 + -20 - 27?
33
Evaluate 66 + -44 - (13 - 2).
11
What is 9 - 5 - (-6 + -7)?
17
Evaluate 6 + 28 + 14 + -1 + -25.
22
Evaluate 2 + (2 - -24) + -10 + (0 - -15).
33
Calculate 6 + (9 - -24 - 17).
22
(-5 - -34 - (-40 - -40)) + 6
35
Evaluate -2 + 1 + -8 - -20.
11
Calculate -11 + (-3 - (9 + -29 - 2)) - -6.
14
What is the value of -63 + (-75 - -147) + -1 + 0 + 0?
8
Calculate -31 + 1 + 1 + (41 + -71 - -32).
-27
What is 0 - -6 - (-1 - (-14 - (-23 - -10)))?
6
What is -51 + 49 + (-11 - 5)?
-18
What is 6 + (12 - -17) + -53?
-18
What is -20 + (0 - -24) - (3 + -36) - 7?
30
Calculate (2 - 2 - 6) + (8 - (-6 + -3)).
11
What is the value of 2 + (24 - (2 - -1)) - (105 - 103)?
21
What is 18 + (-12 + 1 + 4 - (44 + -51))?
18
6 - ((4 + -15 - -3) + 24)
-10
Calculate 1 - -1 - (-56 - -39).
19
Calculate -1 + 6 + -30 + 4 + (12 - 11).
-20
What is the value of (-3 - -28) + -1 + -29 + 16?
11
What is the value of -10 + -16 + 20 + 2 - -20?
16
Calculate 22 - (14 - 6 - (-7 - -31) - -12).
26
-15 - (0 + -14 + 1)
-2
Evaluate -7 - (-8 + -23) - 57.
-33
Calculate (7 - (6 + -5) - 6) + 9.
9
-3 - (18 - 13) - (3 + -3 - -9)
-17
Calculate 5 - ((-3 - 1) + -2 - -24).
-13
What is the value of 0 + 5 - (53 - 22 - 38)?
12
Evaluate 5 + 14 + -9 + (8 - 3) + -8.
7
2 - (1 + -2 - 3 - (27 + -44))
-11
What is (260 - 261) + 12 + 0 + 1?
12
Calculate 4 + -6 + 9 - (-3 + 3).
7
Evaluate 7 + -2 + -9 + 16 - 3.
9
Evaluate 9 + (63 - 98 - (2 - 9)).
-19
Calculate -20 - (-10 + -30 + 20).
0
What is (-8 - -7) + 15 + -9 + 4 - 35?
-26
Evaluate -1 + 7 + -5 + -2 - 2 - -12.
9
-32 - ((-109 - -112) + -18 + 1)
-18
Calculate (-18 - (19 + -18)) + 14.
-5
-13 + -16 + 7 + 22
0
Calculate -3 - ((-1 - -2) + (-5 + 1 - -6)).
-6
Evaluate 17 + -12 - (-15 + 41).
-21
What is the value of -33 + 28 - (-3 - 0)?
-2
Evaluate -8 - (-27 - (19 - 47)).
-9
What is the value of 1 + 5 + (-4 - -4) + -6?
0
3 + (-4 - (-3 - -10 - 24))
16
(-19 - -12 - 1) + -2 + 3 - 10
-17
Calculate -4 - ((7 - 4) + -4) - (-2 - -3).
-4
What is (3 - (-20 - -5)) + (-8 - -12)?
22
(5 - (4 + -4 + 0)) + -3 + 8
10
What is (13 - (-8 - -14) - (-4 + 1)) + -5?
5
What is (-8 - (18 - 30)) + 6?
10
-21 - ((18 - 9) + (-4 - 12))
-14
What is (-1 - -4) + (-11 - 7 - -13) - 0?
-2
16 + (-31 - (-4 + -24))
13
Calculate 1 + (2 + -1 - 6) - -12 - 3.
5
What is the value of (17 - (5 - -6)) + (3 - 14)?
-5
What is the value of (-6 - -13) + -16 - (-1 + -1)?
-7
Calculate 8 + (-2 - -7) + -7 - 5.
1
Evaluate 36 + (11 - 24) + -9 + 1 + -6.
9
Evaluate 2 + (-4 + -6 - -26) + -9.
9
What is (-2 + 23 - -2) + -6 + -8?
9
What is the value of (-21 + 15 - -10) + -3 + 0 + 3?
4
What is -33 - (-32 + -6 + 27)?
-22
6 - (4 - -6 - (-4 - (12 - 16)))
-4
What is the value of -1 + 5 + -3 + -6 - -14?
9
0 + -1 + -7 - (11 - 3 - 4)
-12
What is -10 + (27 - (-7 - -14 - 6))?
16
Calculate -3 - (20 - 5 - 5).
-13
Evaluate -34 - (-1 - 1) - -15.
-17
Calculate 61 + -24 - ((-3 - -1) + 13).
26
(-15 - 1) + (299 - 290) - (-3 - 0)
-4
What is the value of (-7 - 31) + 3 + (9 - 6) + 1?
-31
What is the value of 4 + -8 + 12 - 15?
-7
What is 14 - (39 - 28 - -16)?
-13
What is the value of 0 + (5 + -1 + -11 - 7)?
-14
3 - (22 - (11 - -19))
11
What is the value of 0 - (-4 - -19) - 15 - -9?
-21
Calculate (-5 + 7 - 1) + -3 + -2 + 3.
-1
Calculate 0 + 4 + (89 - 102).
-9
Calculate 19 + (-13 - (-4 + 1)) + 0.
9
-11 - (-20 - -25 - (-4 - -1) - 6)
-13
Calculate 766 + -769 - (0 + -1).
-2
What is 5 - (-8 + 10 + -9 + 20)?
-8
(9 - -3) + 2 + 3 - (145 - 140)
12
-111 - -96 - (6 + -11)
-10
What is 11 - (8 + (-1 - 0) + -10)?
14
Calculate -4 + 12 + 3 + 6 + -3.
14
What is the value of (-30 - -4) + (6 - 9) + 0 - -3?
-26
What is 17 - (23 + -15) - (-4 - 0)?
13
Calculate -11 + -3 + (18 - 16) - (-6 + 11).
-17
Calculate -14 - (-9 + 22 - 25).
-2
Evaluate 0 + 12 + (8 - 0 - (-48 - -62)).
6
What is -83 - -109 - (9 + 2)?
15
Calculate 5 - ((-4 - -24) + -2) - (-10 - -7).
-10
1 + 0 - (-9 + 10 + -5)
5
Calculate 2 + 22 + (18 - 31).
11
Calculate -36 - (23 + -2 + -38).
-19
Calculate 21 + (-3 - 33 - -13).
-2
Evaluate (-2 - (-2 + 3)) + -3 + 5 + -6.
-7
Evaluate 15 - (10 - (29 + -39)).
-5
Calculate 5 + (-37 - (19 - 36)).
-15
What is the value of -7 - -18 - (2 + 2)?
7
What is -7 - 2 - 3 - (6 + -6)?
-12
Calculate -5 + (-15 - 10) + 18.
-12
Evaluate 1 - 7 - 0 - (-92 - (-112 + 33)).
7
Calculate (-31 - -39) + 5 + (-1 - 21).
-9
What is the value of -10 + (-14 - (0 - -5)) + 12?
-17
(-2 - 0) + (-656 - -637)
-21
Calculate -10 - (0 + 5 + -2) - (-63 + 61).
-11
Evaluate (4 + (-1 - -11 - 2) - 4) + -5.
3
What is the value of 34 - (9 - (-28 + 26))?
23
Evaluate 1 + -17 + 5 + -3 + 8.
-6
What is -150 + 151 + 0 + 7?
8
What is (-1 - (6 + -6 + -6)) + -5 - 2?
-2
(7 - (2 + -5)) + -6 - (5 - 2)
1
(0 - 1 - -5) + -5 + 17 + -10
6
What is the value of (13 - 15 - -27) + -13?
12
Evaluate 12 + (6 - 12) - (1 + 1).
4
28 + -22 + (-8 - -3 - (1 + 2))
-2
Calculate 6 - (-10 + (32 - 7) - -15).
-24
What is -3 + (8 - -14 - 18) - -16?
17
What is the value of (16 - 6) + -39 - 0?
-29
What is -1 + 7 + (-2374 - -2342)?
-26
Evaluate 1 + -9 - (294 - 299) - -8.
5
185 - 168 - (1 + 1 + 4)
11
What is -24 + -3 + 10 + 7 - 8?
-18
-2 - -1 - (-2 + (-7 - (-6 - 3)))
-1
Calculate 7 - ((-1 - -37 - (-77 - -86)) + -10).
-10
-1 + -1 + 156 + -158
-4
Calculate (-6 - (-2 - 4 - -13)) + 5.
-8
Calculate -6 + (-46 - -45 - (-6 - 1)).
0
What is -41 + 13 + 3 + -10 + 6?
-29
Evaluate 7 + -13 + 6 - (4 - -2 - 5).
-1
Calculate 2 + -2 + (20 - 17 - 12).
-9
Calculate 0 + (-2 - -4 - -7) + 5.
14
-310 + 312 + (7 - 1)
8
What is -7 + -12 + (-11 - (-4 + -13))?
-13
Evaluate 5 - (-4 + (17 - (2 - 1)) - -3).
-10
What is (-3 - 1) + (-4 + 10 - -